ighest common factor of d and x?
6
Let a be 3*(0 - (-50)/3). Let t = a + 117. Suppose k + 2*k - v - t = 0, -4*k + 3*v + 231 = 0. Calculate the highest common divisor of 36 and k.
18
Suppose 18*v + 13 = 121. Calculate the greatest common factor of v and 78.
6
Suppose 0 = a + 5*x - 160, -2*x + 304 = 2*a - 0*x. What is the greatest common divisor of a and 50?
50
Let v(i) = -15 + 13 + 6*i**2 + i - i + i. Let a be v(-2). Calculate the highest common divisor of a and 80.
20
Let v = 26 + -22. Suppose 19 = -n - 3*q, -v = -q - 1. Let w be 97/5 + n/70. What is the highest common factor of w and 133?
19
Suppose -80*j - 13*j = -1488. Calculate the highest common divisor of j and 1264.
16
Let g(f) = 2*f - 4. Let d be g(11). Suppose 240 = 3*w + 2*w. Suppose r - 4*n + w = 6*r, r - 18 = 2*n. What is the greatest common divisor of r and d?
6
Let x be (2 - 1/1)/((-4)/72). Let q(g) = g**2 + 16*g - 8. Let r be q(x). What is the highest common divisor of 14 and r?
14
Let i(a) = 5*a - 48. Let c be i(8). Let n be 75/9 - (2 + c/3). What is the highest common factor of 3 and n?
3
Let d(u) = -12*u - 95. Let s be d(-8). What is the greatest common divisor of 9 and s?
1
Suppose -8*v + 5 = -19. Suppose 29 = 4*j + d, 4*j = v*d + 2*d + 23. What is the greatest common divisor of 77 and j?
7
Suppose 45 = 2*r + 3*q, -q + 97 = 4*r + 2. What is the greatest common factor of 132 and r?
12
Let z(q) be the first derivative of -q**3 + q**2/2 + 30*q + 5. Let g be z(0). What is the greatest common factor of g and 20?
10
Let l(f) = 42*f - 2. Let q be l(1). Let s be (1 + 1 - (5 + -3)) + q. What is the highest common factor of s and 16?
8
Let m(i) = -i**3 + 9*i**2 + 14*i + 4. Let g be m(8). What is the greatest common factor of g and 60?
60
Let m be (864/(-80))/(3/(-615)). Calculate the greatest common factor of m and 82.
82
Let m = 142 - -1013. What is the greatest common factor of m and 315?
105
Let z(h) = -5 - 2*h**2 + 12*h - 5*h + 14*h. Let m be z(10). Calculate the greatest common factor of m and 45.
5
Let x(l) = 0 + 35*l - 19*l + 49*l - 1. Let p be x(4). Suppose 2*y - 4*k = 94, -5*y - k + p = -5*k. What is the highest common factor of y and 11?
11
Suppose 0 = 2*u - r - 387, 4*r - 356 = -3*u + 241. Calculate the highest common factor of u and 75.
15
Suppose 2*m - 10*m + 2200 = 0. Calculate the highest common factor of 50 and m.
25
Let v = 169 + 13. What is the greatest common divisor of v and 52?
26
Let i = -732 - -760. Suppose 0*d = a - 2*d - 42, -5*d + 210 = 5*a. Calculate the highest common factor of i and a.
14
Let z(d) = d**3 - 8*d**2 + 7*d - 2. Let k be z(7). Let b = 10 - k. What is the greatest common factor of 96 and b?
12
Let j(q) = 2*q + 10. Let m = -4 - -8. Let l be j(m). Calculate the highest common factor of l and 12.
6
Let f = -507 - -749. Suppose 6*q = 205 - 73. What is the greatest common factor of q and f?
22
Let a(v) = 47*v**2 - 8*v - 18. Let j be a(-2). What is the highest common divisor of 6 and j?
6
Let k(x) = 21*x + 486. Let j be k(19). What is the highest common factor of 15 and j?
15
Let w be 2/3 - 206/(-6). Let g be ((-696)/10)/4 + (-6)/10. Let q = w + g. What is the highest common factor of q and 17?
17
Suppose -c - 37 - 21 = 0. Let z be c/(-15) + (-6)/(-45). Calculate the greatest common divisor of z and 12.
4
Let u = -70 + 63. Let d = u - -124. What is the highest common factor of 78 and d?
39
Let v = -178 - -526. What is the highest common factor of 12 and v?
12
Suppose -4*v - 26 + 66 = 0. What is the greatest common factor of v and 125?
5
Let k(n) = n**2 + 4. Let i be k(-3). Let p(q) = -q**2 + 23*q + 5. Let b be p(i). Calculate the highest common factor of b and 15.
15
Let p be (32/20)/((-2)/(-5)). Let a be 36 - (-4 + (p - -3)). Let x = 3 - 0. What is the greatest common factor of a and x?
3
Let q = -16 + 19. Suppose 5*i + q = w, 2*w + i = 8 - 2. What is the highest common divisor of w and 3?
3
Let l(q) be the second derivative of -q**5/20 + 3*q**4/4 + 2*q**3 - 2*q**2 - 9*q. Let k be l(8). What is the highest common factor of k and 26?
26
Suppose -13*v = -8*v - 5*s - 1145, 2*v = s + 459. What is the highest common divisor of 161 and v?
23
Let r = 2103 + -2055. Calculate the highest common factor of r and 42.
6
Let p be 7/(-28) - (-45)/36. What is the greatest common divisor of p and 26?
1
Let y be (-11)/(-4) + (21/(-4))/(-21). Calculate the highest common divisor of 39 and y.
3
Suppose 24 - 58 = 2*a. Let m(f) = -3*f - 28. Let s be m(a). Let x(u) = -17*u - 4. Let q be x(-7). What is the highest common factor of s and q?
23
Let b = 166 - -794. Calculate the highest common factor of b and 36.
12
Let f = 129 - 49. Suppose 5*b = -0*b + f. Calculate the greatest common divisor of 80 and b.
16
Let i be (0 + -9 - -10)/((-4)/(-392)). Calculate the highest common factor of 1078 and i.
98
Suppose -5*l + 0*l = -2*b - 21, -2*l + 3*b = -4. Let r be 2*10/16*4. Calculate the greatest common factor of r and l.
5
Let s be (12/(-10))/2*-5. Suppose 0 = h - s*n - 18, n = -0*h - 3*h + 34. Calculate the greatest common factor of h and 12.
12
Suppose 4*h = w + 4*w - 276, 2*w - 5*h = 124. Let b be (-18)/(-117) + -56*(-50)/w. Calculate the highest common divisor of b and 6.
6
Let m be 0 + (3 - (-10 - -3)). Suppose -190 = -2*s - 2*w - m, -2*w = 3*s - 272. What is the highest common factor of 23 and s?
23
Let r = 438 + -428. What is the highest common factor of 85 and r?
5
Let w = 32 - 21. Calculate the greatest common divisor of w and 22.
11
Suppose -5*l + 24 = -l. Suppose 22 = l*j - 74. Calculate the greatest common divisor of j and 8.
8
Let y be ((19 - 1)*15 - 7) + -3. Calculate the greatest common factor of y and 390.
130
Let h(m) = 24*m - 20*m - 2*m**3 + 5*m**2 + 6 - 5. Let r be h(3). What is the greatest common divisor of r and 12?
4
Suppose 4*i - 2380 = -30*i. What is the greatest common factor of i and 175?
35
Let k(u) = u**2 + 48*u - 451. Let a be k(13). Calculate the greatest common factor of 190 and a.
38
Let j = 3240 + -2358. What is the highest common factor of 14 and j?
14
Suppose 12*h = -2*s + 9*h + 389, h = s - 182. Suppose -a - 36 + 14 = 4*l, 5*a - 3*l = -87. Let t = 35 + a. What is the highest common factor of t and s?
17
Let n(d) = -6*d + 64. Let g be n(-26). What is the highest common divisor of 22 and g?
22
Suppose 209 = 3*t + 206. Calculate the highest common factor of 61 and t.
1
Suppose 5*f - 372 = -22. Let g = f - 51. Calculate the highest common divisor of g and 171.
19
Let y be (37 - 34)/(3/25). Calculate the highest common divisor of 675 and y.
25
Let m be ((-567)/18)/((-6)/16). What is the highest common factor of 24 and m?
12
Suppose 5*v - 26 = 4*d + 39, -3*v = d - 39. Suppose 3*o + 3*s - 33 = 0, s + 4*s + 10 = 0. Calculate the highest common factor of o and v.
13
Let k = 61 - 36. Let r = 1 + k. What is the highest common divisor of 182 and r?
26
Let t = 113 + -104. Calculate the highest common divisor of t and 81.
9
Suppose 11 = 5*f - 4. Suppose -3*l = f - 9. Suppose 2*h = -2, 0 = -7*k + 2*k + 4*h + 14. Calculate the greatest common factor of k and l.
2
Suppose -40 = -69*m + 74*m. Let k be (m/2)/(10 + -5 - 6). What is the highest common divisor of k and 8?
4
Let n be 28/8*40/14. Suppose 0 = -g - 4*f + n, 4*g = -g + 2*f + 6. Let v = g - -10. Calculate the greatest common divisor of v and 30.
6
Suppose 68*s - 3597 = 1639. Calculate the greatest common divisor of s and 88.
11
Let r be 3 - (-150 + (-1)/((-3)/15)). What is the highest common factor of r and 222?
74
Let v = -250 + 354. Let j be -4 + 51*(11/(-3) + 4). What is the greatest common factor of j and v?
13
Suppose 6*s - s = 2*s. Suppose 2*h = -5*w + 398 + 39, 3*w - 3 = s. Calculate the highest common divisor of h and 27.
27
Suppose 0 = -13*c + 18*c - 55. Let w be 97 + (-4*1)/(-2). What is the greatest common divisor of w and c?
11
Let v(u) = 2*u + 52. Let o be v(0). What is the highest common factor of 195 and o?
13
Suppose -3*h - l = 22 - 110, 5*h = -2*l + 147. Suppose h = z + 8. Suppose -5*d + 54 + z = 0. What is the greatest common divisor of d and 6?
3
Let j(f) = -3*f + 3. Let p be 3*(1 - (-2)/3). Suppose -6*o = -p*o. Let r be j(o). Calculate the highest common divisor of 3 and r.
3
Let y(v) = v**3 - 4*v**2 - 7*v - 7. Let z be y(7). Suppose 0 = -2*u + u + z. Calculate the greatest common